nder when 13076 is divided by 11.
8
Calculate the remainder when 70069 is divided by 490.
489
Calculate the remainder when 34343 is divided by 152.
143
What is the remainder when 298186 is divided by 45?
16
What is the remainder when 12233 is divided by 23?
20
What is the remainder when 67543 is divided by 33?
25
What is the remainder when 213863 is divided by 5?
3
Calculate the remainder when 35097 is divided by 18.
15
What is the remainder when 21892 is divided by 564?
460
Calculate the remainder when 8027 is divided by 258.
29
Calculate the remainder when 3907 is divided by 104.
59
What is the remainder when 66692 is divided by 901?
18
Calculate the remainder when 31902 is divided by 14.
10
What is the remainder when 84925 is divided by 42454?
17
What is the remainder when 9566 is divided by 47?
25
Calculate the remainder when 17205 is divided by 4296.
21
What is the remainder when 5836 is divided by 75?
61
Calculate the remainder when 31003 is divided by 860.
43
What is the remainder when 4805 is divided by 195?
125
Calculate the remainder when 19218 is divided by 1601.
6
What is the remainder when 2638 is divided by 322?
62
What is the remainder when 99 is divided by 48?
3
Calculate the remainder when 19896 is divided by 47.
15
What is the remainder when 5281 is divided by 528?
1
Calculate the remainder when 299732 is divided by 547.
523
Calculate the remainder when 417674 is divided by 21.
5
Calculate the remainder when 85640 is divided by 307.
294
Calculate the remainder when 6299 is divided by 2099.
2
What is the remainder when 18361 is divided by 743?
529
Calculate the remainder when 240915 is divided by 634.
629
Calculate the remainder when 1484644 is divided by 62.
54
What is the remainder when 740 is divided by 40?
20
Calculate the remainder when 4202 is divided by 244.
54
Calculate the remainder when 7819 is divided by 780.
19
What is the remainder when 38262 is divided by 12664?
270
Calculate the remainder when 2003 is divided by 491.
39
What is the remainder when 12849 is divided by 419?
279
Calculate the remainder when 645847 is divided by 13.
7
What is the remainder when 11880 is divided by 37?
3
What is the remainder when 9778 is divided by 165?
43
Calculate the remainder when 2755 is divided by 381.
88
Calculate the remainder when 1086441 is divided by 293.
290
Calculate the remainder when 7889 is divided by 374.
35
What is the remainder when 4609 is divided by 640?
129
What is the remainder when 2111 is divided by 339?
77
What is the remainder when 3767 is divided by 533?
36
What is the remainder when 433832 is divided by 1276?
1268
What is the remainder when 604875 is divided by 16?
11
What is the remainder when 46122 is divided by 23055?
12
Calculate the remainder when 5120 is divided by 514.
494
What is the remainder when 83136 is divided by 3453?
264
Calculate the remainder when 45630 is divided by 287.
284
Calculate the remainder when 186196 is divided by 11.
10
What is the remainder when 26345 is divided by 13121?
103
What is the remainder when 604 is divided by 360?
244
Calculate the remainder when 1973 is divided by 271.
76
Calculate the remainder when 17869 is divided by 18.
13
What is the remainder when 2287 is divided by 251?
28
Calculate the remainder when 3577 is divided by 48.
25
Calculate the remainder when 5312 is divided by 1057.
27
Calculate the remainder when 1932 is divided by 956.
20
What is the remainder when 21479 is divided by 131?
126
What is the remainder when 19447 is divided by 88?
87
Calculate the remainder when 37813 is divided by 547.
70
Calculate the remainder when 744 is divided by 249.
246
Calculate the remainder when 83079 is divided by 2596.
7
What is the remainder when 4176 is divided by 194?
102
Calculate the remainder when 99335 is divided by 101.
52
What is the remainder when 16386 is divided by 28?
6
What is the remainder when 468916 is divided by 544?
532
What is the remainder when 10105 is divided by 3339?
88
Calculate the remainder when 10405 is divided by 256.
165
Calculate the remainder when 1537158 is divided by 331.
325
Calculate the remainder when 96026 is divided by 31961.
143
Calculate the remainder when 4539478 is divided by 12.
10
Calculate the remainder when 590944 is divided by 804.
4
What is the remainder when 1297 is divided by 301?
93
What is the remainder when 1548784 is divided by 95?
94
Calculate the remainder when 715558 is divided by 402.
400
Calculate the remainder when 285498 is divided by 125.
123
What is the remainder when 1850 is divided by 44?
2
Calculate the remainder when 37540 is divided by 12512.
4
What is the remainder when 93721 is divided by 123?
118
Calculate the remainder when 82983 is divided by 69.
45
What is the remainder when 10194 is divided by 1260?
114
What is the remainder when 963501 is divided by 34?
9
What is the remainder when 326915 is divided by 54?
53
What is the remainder when 28855 is divided by 906?
769
Calculate the remainder when 18376 is divided by 33.
28
Calculate the remainder when 301809 is divided by 1048.
1033
What is the remainder when 84438 is divided by 38?
2
Calculate the remainder when 2055 is divided by 444.
279
What is the remainder when 3875 is divided by 6?
5
Calculate the remainder when 369649 is divided by 25.
24
Calculate the remainder when 38426 is divided by 19210.
6
What is the remainder when 242956 is divided by 4958?
14
What is the remainder when 1842 is divided by 394?
266
What is the remainder when 813 is divided by 766?
47
Calculate the remainder when 25093 is divided by 397.
82
Calculate the remainder when 1247 is divided by 26.
25
What is the remainder when 4024 is divided by 135?
109
Calculate the remainder when 5272 is divided by 1312.
24
Calculate the remainder when 636 is divided by 302.
32
What is the remainder when 76395 is divided by 4?
3
What is the remainder when 9085 is divided by 118?
117
Calculate the remainder when 340647 is divided by 160.
7
What is the remainder when 129961 is divided by 7?
6
What is the remainder when 425 is divided by 160?
105
Calculate the remainder when 12439 is divided by 445.
424
What is the remainder when 2369 is divided by 785?
14
What is the remainder when 2638 is divided by 190?
168
What is the remainder when 13279 is divided by 3179?
563
What is the remainder when 25722 is divided by 36?
18
Calculate the remainder when 4718 is divided by 17.
9
What is the remainder when 4528 is divided by 1153?
1069
Calculate the remainder when 32469 is divided by 82.
79
What is the remainder when 2337 is divided by 767?
36
What is the remainder when 505149 is divided by 385?
29
What is the remainder when 1599 is divided by 534?
531
What is the remainder when 317103 is divided by 79?
76
Calculate the remainder when 7080 is divided by 547.
516
What is the remainder when 61589 is divided by 146?
123
What is the remainder when 3504 is divided by 70?
4
What is the remainder when 390277 is divided by 174?
169
What is the remainder when 45489 is divided by 878?
711
What is the remainder when 14030 is divided by 7007?
16
What is the remainder when 2933966 is divided by 78?
74
What is the remainder when 331950 is divided by 362?
358
What is the remainder when 152473 is divided by 230?
213
Calculate the remainder when 696534 is divided by 49.
48
Calculate the remainder when 115498 is divided by 84.
82
What is the remainder when 15103 is divided by 1018?
851
Calculate the remainder when 2474 is divided by 1066.
342
What is the remainder when 58668 is divided by 11720?
68
Calculate the remainder when 17519 is divided by 48.
47
Calculate the remainder when 38267 is divided by 52.
47
Calculate the remainder when 3096 is divided by 438.
30
Calculate the remainder when 560 is divided by 291.
269
What is the remainder when 5578 is divided by 4?
2
What is the remainder when 142 is divided by 22?
10
What is the remainder when 2062 is divided by 245?
102
What is the remainder when 12953 is divided by 4258?
179
Calculate the remainder when 1862 is divided by 1603.
259
What is the remainder when 104953 is divided by 194?
193
Calculate the remainder when 6589 is divided by 3253.
83
What is the remainder when 6291 is divided by 6023?
268
Calculate the remainder when 18621 is divided by 514.
1